 5*q + 4. Let x be i(5). Suppose -4*n = -6*m + 5*m - 26, -8 = -x*m. Let o = -7 - -35. Calculate the greatest common divisor of n and o.
7
Let g(m) be the third derivative of m**5/10 + m**4/12 + m**2. Let d be g(-4). Calculate the highest common factor of 11 and d.
11
Let p = -294 - -536. Let x = -46 + 73. Let s = 49 - x. What is the greatest common divisor of p and s?
22
Let u = -87 - -123. Calculate the greatest common factor of 4 and u.
4
Suppose 0 = f + f + 10. Let j(n) = 2*n + 7. Let c(i) = -4*i - 14. Let g(h) = 3*c(h) + 5*j(h). Let q be g(f). Calculate the greatest common divisor of q and 6.
3
Let w be 68/7 + 4/14. Let k be -1*(-15 - (-5 - -5)). Calculate the greatest common factor of w and k.
5
Suppose 4 = 4*w, 5*j = 2*w - 0*w + 638. Calculate the greatest common divisor of j and 16.
16
Let n(r) = 3*r**2 - r. Suppose 0*b - 3*b + 2*k - 3 = 0, 2*k - 8 = -2*b. Let p be n(b). Calculate the greatest common divisor of 4 and p.
2
Suppose 3*a + 285 = 5*c, 4*c - 4*a - 206 = 14. Suppose c = 3*d + g, -6*d - 3*g + 60 = -3*d. What is the highest common factor of 5 and d?
5
Suppose -4*i = -7*i + 96. Let z(q) = q**2 - 2*q - 5. Let t be z(4). Suppose 5*m + 2 = 3*u, 0*m = t*u + m - i. Calculate the greatest common divisor of 1 and u.
1
Suppose m - 3*c + 1 = 0, 2 = 3*m - c + 13. Let y = m - -8. Suppose -3*h - 12 = -2*d, -y*d - h + 12 = -2*d. Calculate the highest common divisor of 4 and d.
2
Let a be (3/(-5))/(2/(-10)). Let i(x) = x + 1. Let f be i(a). Suppose -3*c = -f*c + 12. What is the highest common divisor of 30 and c?
6
Let y(d) = 4*d**3 - d**2 + 2*d - 1. Let x be y(1). Let b = x + 30. Let p = 55 - b. Calculate the highest common divisor of 189 and p.
21
Suppose 0 = -3*x + x + 14. Let s be x/14 - (-2)/4. Let z be 22 + (2 - s) - -2. Calculate the greatest common divisor of 5 and z.
5
Suppose 14 = z + 7. Suppose z*i = 11 + 66. Calculate the highest common divisor of 55 and i.
11
Let u(i) = -i**2 + 4*i - 4. Let k be u(3). Let f = 11 + k. Let z = -1 + 26. Calculate the greatest common factor of f and z.
5
Let h = -111 - -155. Let k = -17 - 36. Let t = k + 163. What is the highest common divisor of h and t?
22
Let o be 4*((-3)/6 - -2). Suppose k + 4*u - 44 - 12 = 0, k - 3*u = 42. What is the highest common factor of k and o?
6
Let x(r) = 49*r + 1. Let d be x(2). Let v(f) = f + 19. Let o be v(-8). Calculate the highest common divisor of d and o.
11
Let z be 2 + -1 - (-17)/(102/180). What is the greatest common divisor of 93 and z?
31
Let u(y) = 6*y**2 - 2. Let j be u(-2). Let a(f) = f**3 + 4*f**2 - 7*f + 3. Let z be a(-3). What is the greatest common factor of j and z?
11
Suppose -3*g + 21 = 3*u, g = 3*g + u - 18. What is the greatest common divisor of 44 and g?
11
Let c be 294 + -1 + (3 - 2). Suppose -5*o + 4*q + 499 = 0, -7*o - 3*q + c = -4*o. Let z = -7 - -18. What is the highest common factor of o and z?
11
Let b(y) = -17*y - 27. Let a be b(-6). Calculate the highest common factor of a and 15.
15
Let n = 15 + -5. Let f be 119/3 + 8/(-12). Let c = f + 1. Calculate the highest common divisor of c and n.
10
Let n = -58 - -130. Calculate the highest common divisor of 8 and n.
8
Suppose -4*m + 3*z = -66, -4*z + 11 = m - 2*z. What is the highest common divisor of 90 and m?
15
Suppose -2*i - 4*p = -6, 0*i - 15 = -4*i - 5*p. Suppose 0 = 3*l + n - 10, 3*n - 6 = -i*l + 4*n. Calculate the highest common factor of 18 and l.
2
Let c be 4*(-156 - -4)/(-4). Calculate the greatest common factor of 19 and c.
19
Let q = 3 - 5. Let o be 0 + (-4)/q + -10. Let l be (-2)/o + 30/8. Calculate the greatest common factor of l and 32.
4
Let q(m) = -m**3 + 12*m**2 + 9*m + 9. Let i be q(12). What is the highest common factor of 13 and i?
13
Let h be (-129)/27 - -5 - 61/(-9). Let o be (42/8)/(1/4). What is the greatest common divisor of o and h?
7
Let p(t) = 22*t + 112. Let m be p(-4). Let i(z) = -z + 8. Let n be i(0). What is the highest common divisor of m and n?
8
Suppose -5*c = -2*c - 855. Suppose -c = -5*d - 30. Calculate the greatest common divisor of 17 and d.
17
Let b = -42 - -59. Suppose 0 = 8*l - 5*l - 408. Calculate the highest common factor of b and l.
17
Let w(c) = -c**2 + 7*c + 4. Let f be w(7). Let p = 31 - f. Calculate the highest common divisor of 3 and p.
3
Suppose 5*s - 10 = -0*s. Let b be -1 - (-2 - 4)/2. Suppose -b*u - 5 + 21 = 4*c, -2*c = -5*u + 64. What is the highest common factor of s and u?
2
Suppose c = 4*w - 99, -2*w - 3*c = -4*c - 51. Suppose -d + 3*j - j - 10 = 0, 0 = d + 2*j + 14. Let a = d + 24. Calculate the highest common divisor of a and w.
12
Let k be (-1 + -597)*11/(-22). What is the greatest common divisor of k and 23?
23
Let i(p) = -3*p. Let u be i(-6). Let s = -72 + 117. What is the highest common divisor of u and s?
9
Let c(p) = -p**3 - 5*p**2 - 6. Let h = -13 + 8. Let s be c(h). Let q = 14 + s. Calculate the greatest common divisor of 88 and q.
8
Let d(m) = -5*m**3 - 3*m**2 - 5*m - 2. Let g be d(-2). Calculate the greatest common divisor of g and 36.
36
Let d = 31 - 6. What is the highest common divisor of 50 and d?
25
Let d(g) = -g**2 - 5*g + 1. Let m = -4 + -1. Let s be d(m). Suppose -11 = -l + 3*b, b + 38 = 2*l + s. Calculate the greatest common factor of 220 and l.
20
Let f = 22 - 12. Let m = 30 - 20. What is the highest common factor of f and m?
10
Suppose -2*z = -6 - 2. Suppose 0*y + 20 = z*y. Suppose 3*f + y*k = 60, 0 = -f + 2*k + 5 + 15. What is the greatest common factor of 4 and f?
4
Let p(a) = 3 + a - 1 + 0*a. Suppose 0 = u - 1 - 1. Let d be p(u). Calculate the greatest common divisor of d and 12.
4
Suppose 0 = -5*q + p + 24, 4*q - p - 3 = 16. Calculate the highest common factor of q and 5.
5
Let a be (-8)/(-3) - 2/3. Suppose -a*c + 36 = c. Calculate the highest common divisor of 36 and c.
12
Suppose 3*v = 3*r + 39, 25 + 10 = 3*v - r. Calculate the highest common factor of 121 and v.
11
Suppose 0*s = -3*s + 6. Suppose s*a = -2*q + 24, -a + 4*a = 5*q + 28. What is the greatest common factor of 77 and a?
11
Suppose -37*j + 35*j + 336 = 0. What is the greatest common factor of j and 21?
21
Let g(l) = l**2 + 2*l - 8. Let d be g(-14). What is the highest common divisor of d and 64?
32
Let q be (132/(-48))/((-1)/4). Let b = q - -3. Suppose 0 = -a + d + 95, 3*a + 89 = 4*a - 3*d. Calculate the highest common divisor of a and b.
14
Suppose -8*y + 6*y + 104 = 0. Suppose 0 = -0*m + 2*m - j + y, j = -5*m - 137. Let q = 111 + m. Calculate the greatest common factor of 14 and q.
14
Let g(h) = h**2 + h + 4. Let z be 0/(0 + (1 - 0)). Let i be g(z). Calculate the greatest common factor of i and 4.
4
Let w(o) = 2*o**3 - 2*o**2 - 4*o. Let y be w(3). Suppose g - y = 32. What is the greatest common divisor of 7 and g?
7
Let f = 2 + 19. Let u = 29 - f. Calculate the greatest common divisor of u and 2.
2
Suppose 5*a - k = -4*k + 82, 54 = 5*a - 4*k. Calculate the highest common factor of 112 and a.
14
Let j(u) = 5*u**3 - u**2 - 4*u**3 + 0 + 1 - u. Let w = 1 - 1. Let x be j(w). Calculate the highest common factor of x and 3.
1
Let o be -1*(15 + 2/(-1)). Let g = o + 33. What is the highest common divisor of 10 and g?
10
Let n = 25 - 3. Let i = 31 - n. Let l(m) = m**3 + 6*m**2 + 3*m - 1. Let f be l(-5). What is the greatest common factor of f and i?
9
Suppose 3*l = 12, -4*k + 2*l = -3*l - 8. What is the greatest common divisor of 7 and k?
7
Suppose -47 - 28 = -5*s. Let t be s*(-3 + (-14)/(-3)). What is the highest common factor of t and 5?
5
Let d be ((-22)/(-8))/(22/88). What is the highest common divisor of d and 33?
11
Let b(g) = g**3 + 16*g**2 + 16*g + 18. Let f be b(-15). Calculate the greatest common factor of f and 12.
3
Suppose 0 = -2*u - 10, 5*u = r - 3*r + 179. Let p(y) = -y**3 + 8*y**2 + y + 9. Let m be p(8). What is the greatest common factor of m and r?
17
Let y = -62 + 107. Suppose -5*g = 4*r - 3*r - 27, -5*r + 5*g = -135. Let q = y - r. Calculate the greatest common divisor of q and 45.
9
Let l be (-32)/(-5) - (-8)/(-20). What is the greatest common divisor of 12 and l?
6
Suppose 0 = -5*v - 4*h + 134, h = v - 4*h - 50. Calculate the greatest common factor of v and 6.
6
Suppose 2*j - 33 = 27. What is the greatest common divisor of j and 12?
6
Let v(m) = m**2 - 6*m + 2. Let o be v(7). Let a be (-4)/(-4) + (0 - -74). Suppose -5*t = -a - 